reatest common divisor of 64 and 24.
8
Calculate the highest common factor of 4175 and 25.
25
What is the greatest common divisor of 42224 and 16?
16
What is the greatest common factor of 6578 and 1716?
286
Calculate the highest common factor of 49 and 1715.
49
Calculate the highest common divisor of 135 and 1323.
27
What is the greatest common factor of 8 and 143?
1
What is the greatest common factor of 11375 and 26?
13
Calculate the greatest common divisor of 4381 and 13.
13
What is the greatest common factor of 28 and 1568?
28
What is the greatest common divisor of 1272 and 24?
24
Calculate the greatest common divisor of 161 and 1955.
23
Calculate the greatest common factor of 287 and 1025.
41
Calculate the greatest common factor of 75 and 225.
75
What is the highest common factor of 322 and 14?
14
What is the greatest common divisor of 323 and 171?
19
Calculate the greatest common divisor of 8965 and 11.
11
Calculate the highest common divisor of 7944 and 24.
24
Calculate the highest common divisor of 5967 and 156.
39
What is the greatest common factor of 300 and 675?
75
What is the greatest common divisor of 324 and 24?
12
What is the highest common divisor of 3243 and 423?
141
Calculate the greatest common divisor of 80 and 15760.
80
What is the highest common factor of 28 and 161?
7
What is the highest common factor of 6048 and 486?
54
What is the greatest common divisor of 1380 and 368?
92
Calculate the highest common divisor of 30 and 165.
15
What is the greatest common divisor of 117 and 2847?
39
What is the greatest common factor of 64 and 9376?
32
Calculate the highest common divisor of 12168 and 18.
18
What is the highest common divisor of 7 and 6139?
7
What is the highest common factor of 10 and 218?
2
Calculate the greatest common divisor of 2944 and 3712.
128
What is the highest common factor of 65 and 130?
65
What is the highest common divisor of 93 and 31?
31
What is the greatest common divisor of 50 and 7450?
50
Calculate the highest common factor of 16 and 1.
1
What is the highest common divisor of 786 and 6?
6
Calculate the greatest common factor of 5046 and 6.
6
What is the greatest common divisor of 2919 and 7923?
417
What is the greatest common divisor of 54 and 1107?
27
What is the highest common divisor of 555 and 74?
37
What is the greatest common factor of 4050 and 162?
162
What is the highest common divisor of 186 and 39?
3
What is the highest common divisor of 936 and 72?
72
What is the greatest common divisor of 13 and 104?
13
Calculate the highest common divisor of 2079 and 594.
297
Calculate the highest common factor of 221 and 425.
17
Calculate the highest common divisor of 3354 and 468.
78
Calculate the greatest common divisor of 154 and 8778.
154
What is the greatest common factor of 60 and 48?
12
Calculate the highest common divisor of 8 and 296.
8
Calculate the highest common divisor of 125 and 10375.
125
Calculate the highest common divisor of 114 and 570.
114
What is the highest common divisor of 18 and 1854?
18
What is the highest common factor of 105 and 21805?
35
Calculate the highest common divisor of 560 and 1.
1
Calculate the highest common divisor of 3002 and 1106.
158
What is the highest common divisor of 5 and 745?
5
Calculate the greatest common divisor of 130 and 2145.
65
What is the greatest common divisor of 5632 and 128?
128
Calculate the greatest common factor of 5056 and 395.
79
What is the greatest common factor of 1243 and 33?
11
Calculate the highest common factor of 34 and 22015.
17
What is the highest common factor of 390 and 273?
39
What is the highest common factor of 12 and 12372?
12
Calculate the highest common factor of 23 and 1472.
23
What is the greatest common factor of 55 and 605?
55
What is the highest common factor of 42 and 13251?
21
Calculate the highest common divisor of 972 and 10368.
324
What is the highest common divisor of 54 and 162?
54
Calculate the greatest common factor of 432 and 1944.
216
Calculate the highest common divisor of 12 and 724.
4
Calculate the highest common divisor of 50 and 850.
50
What is the greatest common divisor of 10 and 890?
10
Calculate the greatest common divisor of 184 and 506.
46
What is the highest common divisor of 52 and 45084?
52
What is the highest common divisor of 90 and 14760?
90
What is the greatest common divisor of 1079 and 747?
83
Calculate the highest common divisor of 7480 and 10.
10
Calculate the greatest common divisor of 405 and 15.
15
What is the highest common divisor of 133 and 57?
19
Calculate the greatest common factor of 4 and 1916.
4
Calculate the greatest common factor of 135 and 1755.
135
Calculate the highest common factor of 44 and 209.
11
What is the greatest common divisor of 4042 and 94?
94
Calculate the highest common factor of 153 and 1020.
51
Calculate the highest common divisor of 1235 and 152.
19
What is the highest common divisor of 660 and 385?
55
What is the greatest common factor of 68 and 76?
4
What is the highest common factor of 3190 and 77?
11
What is the highest common factor of 234 and 90?
18
Calculate the greatest common factor of 8841 and 42.
21
What is the greatest common divisor of 24 and 750?
6
Calculate the greatest common divisor of 9 and 9.
9
Calculate the highest common divisor of 64 and 320.
64
What is the highest common factor of 360 and 1368?
72
What is the greatest common divisor of 234 and 52?
26
Calculate the highest common divisor of 459 and 153.
153
Calculate the highest common divisor of 202 and 3.
1
Calculate the highest common divisor of 9 and 1.
1
Calculate the highest common factor of 8397 and 27.
27
Calculate the highest common factor of 40 and 640.
40
Calculate the highest common factor of 20 and 792.
4
Calculate the greatest common factor of 16 and 88.
8
What is the highest common divisor of 126 and 55503?
63
Calculate the highest common factor of 3 and 126.
3
Calculate the highest common factor of 104 and 8.
8
Calculate the greatest common divisor of 186 and 62.
62
What is the greatest common divisor of 72 and 81?
9
What is the highest common factor of 68 and 2822?
34
Calculate the highest common divisor of 712 and 89.
89
What is the highest common factor of 222 and 4884?
222
What is the highest common divisor of 33 and 24?
3
What is the greatest common factor of 896 and 140?
28
What is the highest common factor of 116 and 9396?
116
Calculate the highest common divisor of 33 and 154.
11
Calculate the highest common factor of 25 and 1.
1
Calculate the highest common divisor of 10400 and 16.
16
What is the greatest common factor of 24 and 18?
6
Calculate the highest common divisor of 4352 and 748.
68
Calculate the highest common factor of 3968 and 512.
128
What is the greatest common factor of 37 and 259?
37
What is the greatest common factor of 66 and 162?
6
Calculate the highest common factor of 90 and 432.
18
What is the highest common factor of 5 and 1205?
5
What is the highest common factor of 780 and 192?
12
Calculate the highest common factor of 70 and 14.
14
What is the greatest common factor of 31 and 961?
31
What is the highest common factor of 208 and 1079?
13
What is the highest common factor of 7870 and 30?
10
Calculate the greatest common divisor of 12 and 3420.
12
Calculate the greatest common factor of 81 and 108.
27
What is the greatest common factor of 7 and 2?
1
Calculate the greatest common divisor of 24 and 30.
6
Calculate the greatest common divisor of 12 and 444.
12
What is the greatest common factor of 666 and 296?
74
Calculate the highest common divisor of 243 and 477.
9
What is the highest common divisor of 312 and 216?
24
What is the greatest common divisor of 10 and 170?
10
Calculate the greatest common factor of 252 and 2716.
28
What is the greatest common divisor of 1360 and 102?
34
Calculate the highest common factor of 33 and 6.
3
Calculate the greatest common factor of 112 and 14.
14
Calculate the highest common divisor of 25712 and 16.
16
Calculate the highest common divisor of 264 and 93.
3
What is the greatest common factor of 1998 and 378?
54
What is the greatest common factor of 240 and 45?
15
Calculate the highest common factor of 108 and 54.
54
Calculate the greatest common divisor of 43 and 1806.
43
What is the greatest c